Determine o(k).
-19
Let p(n) be the second derivative of 6 - 3/2*n**2 - n**3 - 5*n - 1/12*n**4. Give p(-5).
2
Let h(t) = -t - 2*t**3 - 1 - 2*t**2 - 5 + 2 + 5. Let r(w) = -w**2 - w + 10. Let q be r(-4). Give h(q).
11
Let q(s) = s**2 + 2 - 2*s - 8*s - s + 5*s. Suppose d - 3*d = -3*i - 8, -i = 0. Determine q(d).
-6
Let v(a) = 5*a**3 + 8*a**2 - 9*a + 9. Let c(z) = 9*z**3 + 15*z**2 - 17*z + 17. Let b(w) = 6*c(w) - 11*v(w). What is b(2)?
-3
Let j(m) be the second derivative of -m**4/12 - m**2/2 - 321*m. What is j(0)?
-1
Let v(t) = 4*t**3 - 7*t**2 + 4*t - 10. Let y(x) = -x**3 + 2*x**2 - x + 3. Let a(r) = -2*v(r) - 7*y(r). Suppose 0 = -16*f - 6*f - 6*f. Determine a(f).
-1
Suppose -5*g + 6*g - 5 = 0. Let m(v) = 5*v**2 - 3*v + 3. Let h(z) = 14*z**2 - 10*z + 10. Let r(k) = 4*h(k) - 11*m(k). Give r(g).
-3
Let d(p) = -p**3 + 6*p**2 - p + 11. Let m be d(6). Let q(z) = -z**2 + 8*z - 5. Calculate q(m).
10
Let n(g) = 13 + 5*g - 2*g**2 + 3*g**2 - g - 5*g. Let i = 40 + -63. Let t = 23 + i. What is n(t)?
13
Let b be (-1 + -2)/(20/16 + 16/(-32)). Let q(l) = 3*l - l - 6 - 9*l. Determine q(b).
22
Suppose 0 = -o + 7 - 3. Suppose -3*u + 3 = -o*u. Let w(t) = -t - 1. What is w(u)?
2
Let y(z) = -z**2 - 4*z - 6. Let w(h) = -4*h**2 - 18*h - 25. Let x(c) = -2*w(c) + 9*y(c). What is x(0)?
-4
Let b(d) = d**2 - 4*d + 9. Let r(x) = -39*x - 33. Let q be r(-1). Give b(q).
21
Let j(y) = -7*y - 6*y**2 - 6*y + 7*y - 2*y - y**3 - 3 + 2*y. Let t be -6 - (-1 - (2 - 1)). Give j(t).
-11
Let x(o) = 2*o - o**2 - 14*o - 3 + 0*o - 3 - 2*o. Calculate x(-13).
7
Let i(u) be the third derivative of u**5/60 + u**4/8 - 5*u**3/6 - u**2. Suppose 3 = 3*f - 2*f, 4*f = 4*p + 336. Let w = 76 + p. Determine i(w).
5
Let k(n) = -4*n + 3*n + 423 - 417. What is k(0)?
6
Let w(n) = -4*n**3 + 7*n + 11. Let c(a) = 5*a**3 + 2*a**2 - 8*a - 10. Let p(o) = -3*c(o) - 4*w(o). Give p(7).
7
Suppose 2*a + 5 = -2*n - 5, 0 = -3*n + a - 11. Suppose -3*l + 5 = -4. Let j(b) = -2*b - 5*b**2 - 2*b + b**l - 2 + b - 2*b**3. What is j(n)?
-6
Let v(k) be the second derivative of -k**3/2 - 3*k**2/2 + 23*k. Calculate v(-2).
3
Let j(r) = r + 10. Suppose -11*w = -8*w + 69. Let p = 23 + w. Give j(p).
10
Let w(h) = 10*h - 3. Suppose -9 - 23 = -4*i - 4*d, 36 = 4*i + 5*d. Give w(i).
37
Let x(p) = -p + 11. Let i = 164 - 158. Give x(i).
5
Let k(i) = -7*i**3 - i**2 + i + 1. Let d be (-4)/8 - (-162)/4. Let g = -19 + d. Let z = g + -22. What is k(z)?
6
Let o(v) = v**2 + 11*v + 39. Let w be o(-6). Suppose 6*u - 3*u = w. Let i(g) = -g**3 + 3*g**2 + 3*g + 2. Calculate i(u).
11
Let a = -51 - -68. Let k = a + -11. Let c(d) = -d**2 + 7*d. What is c(k)?
6
Let y(k) be the second derivative of 7*k**4/12 + 126*k. Calculate y(1).
7
Let i(l) be the first derivative of l**5/20 - 3*l**4/4 + 3*l**3/2 + 3*l**2/2 - 9*l - 9. Let v(z) be the first derivative of i(z). Determine v(8).
11
Let s(a) be the third derivative of a**5/60 - 3*a**4/8 - a**3 + 6*a**2. Let h(n) = n**2 - 10*n - 5. Let p(z) = -3*h(z) + 4*s(z). Determine p(7).
-2
Let t(f) = -11*f**2 + 12*f + 39. Let g(r) = 13*r**2 - 13*r - 44. Let i(l) = 6*g(l) + 7*t(l). Determine i(-8).
25
Suppose -122*j + 253 + 479 = 0. Let f(k) = -3*k**2 - k - 7. Let x(m) = -2*m**2 - 2*m - 7. Let o(w) = -3*f(w) + 4*x(w). What is o(j)?
-1
Suppose 4*t + 3*w + 15 = 0, -5 = t - 0*t + 2*w. Let k(s) = 7*s**2 - 6*s - 1. Let z(y) = -30*y**2 + 22*y + 2. Let c(d) = 4*k(d) + z(d). What is c(t)?
-14
Let c(s) = s**2 + 3 + 51141*s - 6 - 51147*s. Calculate c(8).
13
Let t(k) = 4*k - 16. Let n be t(4). Let w(d) = -d**3 - 2*d - 8. Calculate w(n).
-8
Let k(x) = -3 + 1426*x**2 + 2*x + x - 1430*x**2 - x**3 + 2*x**3. Suppose -2*f - 3*f + 15 = 0. Determine k(f).
-3
Let z(r) = -1. Let v(b) = 3*b**2 + b + 8. Let i(d) = v(d) + 5*z(d). Let q(c) = -4 - c - 3 - 7*c**2 + 1. Let p(l) = 5*i(l) + 2*q(l). Determine p(-4).
7
Let k(j) = 1. Let t(z) be the second derivative of -z**3/6 - 3*z**2/2 + 15*z. Let r(d) = 18*k(d) + 4*t(d). Determine r(6).
-18
Let z(d) = -1 - 1 - 3*d**2 + 2*d**2 - 2. What is z(3)?
-13
Let j(s) = -689 + s - s**2 + 689. Let x be 1/2*0/(-5). Let f = x - 1. Give j(f).
-2
Suppose -2*a = t + 4, -8 = -3*t - 0*a - 2*a. Let q(y) = -8*y - 19. Let j(g) = -7*g - 15. Let s(i) = -6*j(i) + 5*q(i). Determine s(t).
7
Let w(i) be the second derivative of i**6/360 + i**5/20 + i**4/6 - i**3/6 + 9*i. Let h(u) be the second derivative of w(u). Calculate h(-5).
-1
Let d(u) be the first derivative of u**2/2 + 6*u - 69. Let l = -18 + 12. Calculate d(l).
0
Let t(c) = -8*c + 3 + 0 - 4 + 7*c. Determine t(-5).
4
Let z be (-3 + 13)*4/(-8). Let m = -10 - z. Let q be (-2)/5 + 8/m. Let f(x) = 3*x**2 + 2*x - 1. Determine f(q).
7
Let w be (-3 - (-5 - -4)) + 9. Let z(t) = -t**3 + 6*t**2 + 8*t + 2. Calculate z(w).
9
Suppose 0 = 2*y + 2*b, 4*y = b + b + 24. Let v(z) = -2*z + 10 - y - 2. Calculate v(-4).
12
Let w(a) = a**3 - 4*a**2 + 4*a + 19. Let r(o) = -3*o**3 + 11*o**2 - 11*o - 56. Let b = 17 - 13. Let h(d) = b*r(d) + 11*w(d). Give h(0).
-15
Suppose 3*v = 5*a + 17, 5*v - 17 = -5*a + 2*a. Let w(y) = 5*y - 4*y + v*y. Let n be 3/(-5) + 4/(-10). What is w(n)?
-5
Let g(q) be the third derivative of q**4/24 + q**2. Let t(v) = -v - 3. Let p be t(-5). Suppose -3*f = 4*h + 15, f = -2*h - p - 5. Give g(h).
-3
Let n be (2/(-4))/(2/(-16)). Let v(y) = y + 1. Let u(s) = -3*s - 2. Let m(b) = 2*u(b) + 2*v(b). What is m(n)?
-18
Suppose 0 - 9 = -3*k. Let a = k + 0. Let f(c) be the second derivative of c**3/6 - c**2/2 + 408*c + 3. Determine f(a).
2
Let y(b) be the first derivative of 2*b**3/3 - 11*b**2/2 + b - 11. Let f be y(5). Let a(v) = -2*v**2 - 4*v + 5. What is a(f)?
-11
Let f = 140 - 839/6. Let j(z) be the third derivative of -1/120*z**6 + 0*z + f*z**3 + 0 - 1/12*z**4 + 1/60*z**5 + 4*z**2. Determine j(2).
-7
Let b be 36/45 - 56/(-5). Let t(l) = l**3 - 12*l**2 + l - 13. Give t(b).
-1
Let m = 17 - 4. Let d = -18 + m. Let b(s) = -33*s + 5. Let r(t) = 7*t - 1. Let i(z) = 2*b(z) + 9*r(z). What is i(d)?
16
Let v(f) = -10*f + 16. Let r(a) = 3*a - 5. Let y(p) = -8*r(p) - 3*v(p). Let h(c) = -9*c + 12. Let g(d) = 5*h(d) + 8*y(d). Determine g(6).
14
Let l = 4 + -6. Let u(j) = j + 0*j + 2*j - 32*j**2 - 7*j + 28*j**2 - 3. Calculate u(l).
-11
Suppose -v + 4*j = 8, j = -v + 2*j - 2. Suppose -3*n = -v*n - 3. Let x(r) = 1. Let s(w) = -w + 10. Let p(z) = n*x(z) - s(z). Determine p(7).
-2
Let s(z) = 5*z**2 - 44*z + 39. Let g(k) = -k**2 + 9*k - 8. Let q(h) = -11*g(h) - 2*s(h). Give q(8).
-14
Suppose -4*b + 10 = -2*b. Suppose -2*t - 6 = -b*t. Let q(f) = 0 + 0*f + 2 + 2*f**t - 2*f. Give q(2).
6
Suppose 0*f - 4*f = s + 11, f = -3*s. Let a = 14 - 11. Let m(q) = -15*q - 4*q**2 + 5*q + 3 - q**a + 9*q. Give m(f).
-3
Let z(b) = b**3 + 4 - 10 - 3 + 5*b - 2*b**2. Let x(v) = -3*v**3 + 6*v**2 - 14*v + 26. Let f = 51 - 45. Let p(j) = f*x(j) + 17*z(j). Give p(3).
-3
Let n(i) = -i**3 - 14*i**2 - 16*i - 42. Let w be n(-13). Let y(l) = -4*l + 3. Determine y(w).
15
Let p be 2/(-11) + (-20)/11. Let h(s) = -6*s - 3. Let j be h(p). Let l(t) = -t**3 - 3*t**2 - 5*t + j - 2 + 0*t**3 - 4*t**2. What is l(-6)?
1
Let v(u) = u - 3. Let p(w) = -2*w + 13. Let i be p(6). Let k be i + (-1)/(-2 - -3). Suppose k = j + 4*j + 15. Calculate v(j).
-6
Let p(h) be the third derivative of -h**6/120 + h**5/5 - h**4/24 + 11*h**3/3 - 475*h**2. Calculate p(12).
10
Let u = 31 + -31. Suppose u = -0*n + 3*n. Let v(z) = z**3 + z + 7. Determine v(n).
7
Let p be (-162)/(-39) + (-24)/(-13) + -2. Let z(r) = -101 + p*r + 0*r - r**2 + 100. Let f = -6 + 11. What is z(f)?
-6
Let t(o) = -o - 2. Let w(x) = 132*x + 517. Let k be w(-4). Give t(k).
9
Let p(f) = -f + 3. Let j be p(8). Let t(k) = -13 + 13*k - 14*k + 12. What is t(j)?
4
Let j = -2 + 2. Suppose 15*n - 17*n + 34 = 0. Let k(h) = 3 + 12*h - 4 - 11*h + h**2 + n. Determine k(j).
16
Let x be 197 + 1*(4 + -1). Let t be x/34 + (-16)/(-136). Let n(r) = 2*r**2 + 8*r + 2. Let v(f) = 5*f**2 + 16*f + 5. Let l(s) = 7*n(s) - 3*v(s). Give l(t).
11
Let m(v) be the third derivative of -v**5/20 - 5*v**4/12 - 13*v**3/6 + 20*v**2. Let w(q) = 7*q**2 + 21*q + 27. Let l(u) = -9*m(u) - 4*w(u). What is l(7)?
2
Let m(c) = c**2 + 2*c + 1. Let d be m(4). Let n(r) = r + d - 24 + r**3 - r. Calculate n(0).
1
Let c(l) = l**3 - 6*l**2 - l + 5. Let a be c(6). Let m be 21/a*(-14)/(-42). Let z(n) = -2*n**2 - 15*n - 8. Let f be z(m). Le